{"id":84972,"date":"2026-05-02T05:05:45","date_gmt":"2026-05-02T10:05:45","guid":{"rendered":"https:\/\/gespron.com.co\/index.php\/propiedad\/apartamento-arriendo-ciudad-pacifica-cali-4082\/"},"modified":"2026-05-02T05:05:45","modified_gmt":"2026-05-02T10:05:45","slug":"apartamento-arriendo-ciudad-pacifica-cali-4082","status":"publish","type":"property","link":"https:\/\/gespron.com.co\/index.php\/propiedad\/apartamento-arriendo-ciudad-pacifica-cali-4082\/","title":{"rendered":"Apartamento Arriendo, Ciudad Pac\u00edfica, Cali &#8211; 4082"},"content":{"rendered":"<p>Gespron, alquila espectacular apartamento para estrenar, en el sur  en v\u00eda Cali-Puerto Tejada, barrio Encanto  del valle, Cuenta con sala comedor con excelente iluminaci\u00f3n, mueble para instalar TV cocina integral, tipo americano con isla, dos habitaciones con cl\u00f3set en madera, Zona de oficios con mueble en madera y patio, el conjunto cuenta con zonas verdes, parqueadero comunitario, piscina para grandes y peque\u00f1os, zona BBQ, juego para grandes y peque\u00f1os,  el inmueble queda cerca de la universidad autonoma, cerca la universidad aut\u00f3noma, cerca de Asados kaprichos sur, cerca del restaurante chihuahua ciudad pac\u00edfica, por ser primer piso a diferencia de los demas tiene patio, somos pet friendly, qu\u00e9 esperas ll\u00e1manos ya!<\/p>\n","protected":false},"excerpt":{"rendered":"<p>Gespron, alquila espectacular apartamento para estrenar, en el sur en v\u00eda Cali-Puerto Tejada, barrio Encanto del valle, Cuenta con sala comedor con excelente iluminaci\u00f3n, mueble para instalar TV cocina integral, tipo americano con isla, dos habitaciones con cl\u00f3set en madera, Zona de oficios con mueble en madera y patio, el conjunto cuenta con zonas verdes, [&hellip;]<\/p>\n","protected":false},"author":0,"featured_media":0,"parent":0,"menu_order":0,"template":"","property_type":[79],"property_status":[80],"property_feature":[82,105,146,83,114,250,106,107,93,182,207,482,97,88,101,142,136,162,124,217,163,130,103],"property_label":[303],"property_country":[108],"property_state":[109],"property_city":[131],"property_area":[306],"class_list":["post-84972","property","type-property","status-publish","hentry","property_type-apartamento","property_status-arriendo","property_feature-balcon","property_feature-bombas-de-gasolina","property_feature-cancha-de-baloncesto","property_feature-closet","property_feature-cocina-integral","property_feature-cocina-tipo-americano","property_feature-colegios-universidades","property_feature-comodas-vias-de-acceso","property_feature-en-conjunto-cerrado","property_feature-jardin","property_feature-oficinas-administrativas","property_feature-parqueadero-comunitario","property_feature-piscina","property_feature-sala-comedor","property_feature-vigilancia-privada-247","property_feature-vista-interior","property_feature-zona-comercial","property_feature-zona-de-bbq","property_feature-zona-de-ropas","property_feature-zona-industrial","property_feature-zona-infantil","property_feature-zona-residencial","property_feature-zonas-verdes","property_label-video","property_country-co","property_state-valle-del-cauca","property_city-cali","property_area-ciudad-pacifica"],"property_meta":{"fave_currency":["COP"],"fave_currency_info":[""],"fave_property_price":["1070000"],"fave_property_sec_price":[""],"fave_property_size":["60"],"fave_property_size_prefix":["M2"],"fave_property_land":["60"],"fave_property_land_postfix":["M2"],"fave_property_bedrooms":["2"],"fave_property_bathrooms":["1"],"fave_property_garage":["0"],"fave_property_map":["1"],"fave_property_id":["4082"],"fave_property_year":["2025"],"fave_property_address":[""],"fave_property_country":["CO"],"fave_featured":["1"],"fave_agent_display_option":["agent_info"],"fave_prop_homeslider":["yes"],"fave_video_url":["https:\/\/youtube.com\/shorts\/qCapMReoPxk?si=Yys97kjpAsO6I9gN"],"fave_floor_plans_enable":["disable"],"fave_additional_features_enable":["disable"],"fave_multiunit_plans_enable":["disable"],"fave_prop_slider_image":["https:\/\/s3-us-west-2.amazonaws.com\/pictures.domus.la\/inmobiliaria_737\/4082_1_1771212856.jpg"],"floor_plans":["a:0:{}"],"fave_multi_units":["a:0:{}"],"additional_features":["a:0:{}"],"fave_agents":["18510"],"fave_property_map_address":["Ciudad Pac\u00edfica, Cali, Valle Del Cauca, Colombia"],"fave_property_location":["3.4529814,-76.5187809,14"],"houzez_geolocation_lat":["3.4529814"],"houzez_geolocation_long":["-76.5187809"],"fave_property_garage_size":[""],"_vc_post_settings":["a:0:{}"],"fave_property_price_postfix":["COP"],"fave_video_image":[""],"fave_property_zip":[""],"fave_property_agency":["-1"],"fave_property_map_street_view":["show"],"fave_payment_status":[""],"slide_template":["default"],"houzez_total_property_views":["1"],"houzez_views_by_date":["a:1:{s:10:\"05-02-2026\";i:1;}"],"fave_loggedintoview":["0"],"houzez_recently_viewed":["2026-05-02 05:22:18"],"fave_virtual_tour":["<iframe width=\"853\" height=\"480\" src=\"\" frameborder=\"0\" allowfullscreen=\"allowfullscreen\"><\/iframe>"],"fave_single_top_area":["global"],"fave_single_content_area":["global"],"rs_page_bg_color":["#ffffff"],"_houzez_expiration_date_status":["saved"],"_dp_original":["150"],"fave_rating":["a:0:{}"],"fave_multi_units_ids":["448,422,395"],"houzez_total_rating":[""],"fave_attachments":[""],"fave_energy_class":[""],"fave_energy_global_index":[""],"fave_renewable_energy_global_index":[""],"fave_energy_performance":[""],"fave_epc_current_rating":[""],"fave_epc_potential_rating":[""],"fave_booking_shortcode":[""],"fave_property_images":["https:\/\/s3-us-west-2.amazonaws.com\/pictures.domus.la\/inmobiliaria_737\/4082_1_1771212856.jpg, https:\/\/s3-us-west-2.amazonaws.com\/pictures.domus.la\/inmobiliaria_737\/4082_2_1771212860.jpg, https:\/\/s3-us-west-2.amazonaws.com\/pictures.domus.la\/inmobiliaria_737\/4082_3_1771212861.jpg, https:\/\/s3-us-west-2.amazonaws.com\/pictures.domus.la\/inmobiliaria_737\/4082_4_1771213194.jpg, https:\/\/s3-us-west-2.amazonaws.com\/pictures.domus.la\/inmobiliaria_737\/4082_5_1771213194.jpg, https:\/\/s3-us-west-2.amazonaws.com\/pictures.domus.la\/inmobiliaria_737\/4082_6_1771213194.jpg, https:\/\/s3-us-west-2.amazonaws.com\/pictures.domus.la\/inmobiliaria_737\/4082_7_1771213195.jpg, https:\/\/s3-us-west-2.amazonaws.com\/pictures.domus.la\/inmobiliaria_737\/4082_8_1771213195.jpg, https:\/\/s3-us-west-2.amazonaws.com\/pictures.domus.la\/inmobiliaria_737\/4082_9_1771213195.jpg, https:\/\/s3-us-west-2.amazonaws.com\/pictures.domus.la\/inmobiliaria_737\/4082_10_1771213196.jpg, https:\/\/s3-us-west-2.amazonaws.com\/pictures.domus.la\/inmobiliaria_737\/4082_11_1771213206.jpg, https:\/\/s3-us-west-2.amazonaws.com\/pictures.domus.la\/inmobiliaria_737\/4082_12_1771213203.jpg, https:\/\/s3-us-west-2.amazonaws.com\/pictures.domus.la\/inmobiliaria_737\/4082_13_1771213204.jpg, https:\/\/s3-us-west-2.amazonaws.com\/pictures.domus.la\/inmobiliaria_737\/4082_14_1771213197.jpg, https:\/\/s3-us-west-2.amazonaws.com\/pictures.domus.la\/inmobiliaria_737\/4082_15_1771213198.jpg, https:\/\/s3-us-west-2.amazonaws.com\/pictures.domus.la\/inmobiliaria_737\/4082_16_1771213205.jpg, https:\/\/s3-us-west-2.amazonaws.com\/pictures.domus.la\/inmobiliaria_737\/4082_17_1771213201.jpg, https:\/\/s3-us-west-2.amazonaws.com\/pictures.domus.la\/inmobiliaria_737\/4082_18_1771213203.jpg, https:\/\/s3-us-west-2.amazonaws.com\/pictures.domus.la\/inmobiliaria_737\/4082_19_1771213205.jpg, https:\/\/s3-us-west-2.amazonaws.com\/pictures.domus.la\/inmobiliaria_737\/4082_20_1771213207.jpg, https:\/\/s3-us-west-2.amazonaws.com\/pictures.domus.la\/inmobiliaria_737\/4082_21_1771213212.jpg, https:\/\/s3-us-west-2.amazonaws.com\/pictures.domus.la\/inmobiliaria_737\/4082_22_1771213208.jpg, https:\/\/s3-us-west-2.amazonaws.com\/pictures.domus.la\/inmobiliaria_737\/4082_23_1771213215.jpg, https:\/\/s3-us-west-2.amazonaws.com\/pictures.domus.la\/inmobiliaria_737\/4082_24_1771213213.jpg, https:\/\/s3-us-west-2.amazonaws.com\/pictures.domus.la\/inmobiliaria_737\/4082_25_1771213211.jpg, https:\/\/s3-us-west-2.amazonaws.com\/pictures.domus.la\/inmobiliaria_737\/4082_26_1771213211.jpg, https:\/\/s3-us-west-2.amazonaws.com\/pictures.domus.la\/inmobiliaria_737\/4082_27_1771213214.jpg,","84973","84974","84975","84976","84977","84978","84979","84980","84981","84982","84983","84984","84985","84986","84987","84988","84989","84990","84991","84992","84993","84994","84995","84996","84997","84998","84999"],"_wp_page_template":["default"],"tpg-post-view-count":["1"]},"_links":{"self":[{"href":"https:\/\/gespron.com.co\/index.php\/wp-json\/wp\/v2\/properties\/84972","targetHints":{"allow":["GET"]}}],"collection":[{"href":"https:\/\/gespron.com.co\/index.php\/wp-json\/wp\/v2\/properties"}],"about":[{"href":"https:\/\/gespron.com.co\/index.php\/wp-json\/wp\/v2\/types\/property"}],"version-history":[{"count":1,"href":"https:\/\/gespron.com.co\/index.php\/wp-json\/wp\/v2\/properties\/84972\/revisions"}],"predecessor-version":[{"id":85045,"href":"https:\/\/gespron.com.co\/index.php\/wp-json\/wp\/v2\/properties\/84972\/revisions\/85045"}],"wp:attachment":[{"href":"https:\/\/gespron.com.co\/index.php\/wp-json\/wp\/v2\/media?parent=84972"}],"wp:term":[{"taxonomy":"property_type","embeddable":true,"href":"https:\/\/gespron.com.co\/index.php\/wp-json\/wp\/v2\/property_type?post=84972"},{"taxonomy":"property_status","embeddable":true,"href":"https:\/\/gespron.com.co\/index.php\/wp-json\/wp\/v2\/property_status?post=84972"},{"taxonomy":"property_feature","embeddable":true,"href":"https:\/\/gespron.com.co\/index.php\/wp-json\/wp\/v2\/property_feature?post=84972"},{"taxonomy":"property_label","embeddable":true,"href":"https:\/\/gespron.com.co\/index.php\/wp-json\/wp\/v2\/property_label?post=84972"},{"taxonomy":"property_country","embeddable":true,"href":"https:\/\/gespron.com.co\/index.php\/wp-json\/wp\/v2\/property_country?post=84972"},{"taxonomy":"property_state","embeddable":true,"href":"https:\/\/gespron.com.co\/index.php\/wp-json\/wp\/v2\/property_state?post=84972"},{"taxonomy":"property_city","embeddable":true,"href":"https:\/\/gespron.com.co\/index.php\/wp-json\/wp\/v2\/property_city?post=84972"},{"taxonomy":"property_area","embeddable":true,"href":"https:\/\/gespron.com.co\/index.php\/wp-json\/wp\/v2\/property_area?post=84972"}],"curies":[{"name":"wp","href":"https:\/\/api.w.org\/{rel}","templated":true}]}}

Apartamento Arriendo, Ciudad Pacífica, Cali &#8211; 4082

<p>Gespron, alquila espectacular apartamento para estrenar, en el sur  en vía Cali-Puerto Tejada, barrio Encanto  del valle, Cuenta con sala comedor con excelente iluminación, mueble para instalar TV cocina integral, tipo americano con isla, dos habitaciones con clóset en madera, Zona de oficios con mueble en madera y patio, el conjunto cuenta con zonas verdes, parqueadero comunitario, piscina para grandes y pequeños, zona BBQ, juego para grandes y pequeños,  el inmueble queda cerca de la universidad autonoma, cerca la universidad autónoma, cerca de Asados kaprichos sur, cerca del restaurante chihuahua ciudad pacífica, por ser primer piso a diferencia de los demas tiene patio, somos pet friendly, qué esperas llámanos ya!</p>

<p>Gespron, alquila espectacular apartamento para estrenar, en el sur en vía Cali-Puerto Tejada, barrio Encanto del valle, Cuenta con sala comedor con excelente iluminación, mueble para instalar TV cocina integral, tipo americano con isla, dos habitaciones con clóset en madera, Zona de oficios con mueble en madera y patio, el conjunto cuenta con zonas verdes, [&hellip;]</p>

Ciudad Pacífica, Cali, Valle Del Cauca, Colombia
