{"id":85812,"date":"2026-04-30T07:10:16","date_gmt":"2026-04-30T12:10:16","guid":{"rendered":"https:\/\/gespron.com.co\/index.php\/propiedad\/apartamento-arriendo-ciudad-jardin-cali-4101\/"},"modified":"2026-04-30T07:10:16","modified_gmt":"2026-04-30T12:10:16","slug":"casa-arriendo-ciudad-jardin-cali-4101","status":"publish","type":"property","link":"https:\/\/gespron.com.co\/index.php\/propiedad\/casa-arriendo-ciudad-jardin-cali-4101\/","title":{"rendered":"Casa Arriendo, Ciudad Jard\u00edn, Cali &#8211; 4101"},"content":{"rendered":"<p>Gespron alquila casa de lujo en el sur de la ciudad, lugar estrat\u00e9gico de la ciudad, parqueadero propio inteligente cubierto para carro y moto, cuenta con cinco ba\u00f1os, cinco habitaciones todas con cl\u00f3set de Pared a pared en madera, cocina integral con mueble superior e inferior en madera fina, estudio, zona de ropas completa con lavadero en baldosa, sauna, sala comedor bastante amplio con mirador hacia el interior de la casa, iluminado y aireado. La casa est\u00e1 cerca a centros comerciales, supermercados, colegios y universidades, transporte p\u00fablico cercano.<\/p>\n","protected":false},"excerpt":{"rendered":"<p>Gespron alquila casa de lujo en el sur de la ciudad, lugar estrat\u00e9gico de la ciudad, parqueadero propio inteligente cubierto para carro y moto, cuenta con cinco ba\u00f1os, cinco habitaciones todas con cl\u00f3set de Pared a pared en madera, cocina integral con mueble superior e inferior en madera fina, estudio, zona de ropas completa con [&hellip;]<\/p>\n","protected":false},"author":0,"featured_media":0,"parent":0,"menu_order":0,"template":"","property_type":[222],"property_status":[80],"property_feature":[125,104,82,171,153,105,196,146,126,83,113,114,250,106,194,117,354,120,204,164,86,121,122,272,87,175,228,112,88,129,135,123,142,124],"property_label":[303],"property_country":[108],"property_state":[109],"property_city":[131],"property_area":[213],"class_list":["post-85812","property","type-property","status-publish","hentry","property_type-casa","property_status-arriendo","property_feature-apto-para-ninos","property_feature-area-urbana","property_feature-balcon","property_feature-bano-auxiliar","property_feature-bano-de-servicio","property_feature-bombas-de-gasolina","property_feature-calentador","property_feature-cancha-de-baloncesto","property_feature-cancha-de-futbol","property_feature-closet","property_feature-cocina-a-gas","property_feature-cocina-integral","property_feature-cocina-tipo-americano","property_feature-colegios-universidades","property_feature-cuarto-de-servicio","property_feature-divisiones","property_feature-duplex","property_feature-estudio","property_feature-garaje-independiente","property_feature-garaje-parqueaderos","property_feature-gas-natural","property_feature-iluminacion-natural","property_feature-instalacion-de-gas","property_feature-parqueadero-interno","property_feature-piso-en-ceramica","property_feature-piso-en-porcelanato","property_feature-puerta-de-seguridad","property_feature-remodelado","property_feature-sala-comedor","property_feature-supermercados-c-ciales","property_feature-trans-publico-cercano","property_feature-vista-exterior","property_feature-vista-interior","property_feature-zona-de-ropas","property_label-video","property_country-co","property_state-valle-del-cauca","property_city-cali","property_area-ciudad-jardin"],"property_meta":{"fave_currency":["COP"],"fave_currency_info":[""],"fave_property_price":["6020000"],"fave_property_sec_price":[""],"fave_property_size":["340"],"fave_property_size_prefix":["M2"],"fave_property_land":["340"],"fave_property_land_postfix":["M2"],"fave_property_bedrooms":["5"],"fave_property_bathrooms":["5"],"fave_property_garage":["1"],"fave_property_map":["1"],"fave_property_id":["4101"],"fave_property_year":["2000"],"fave_property_address":[""],"fave_property_country":["CO"],"fave_featured":["1"],"fave_agent_display_option":["agent_info"],"fave_prop_homeslider":["yes"],"fave_video_url":["https:\/\/youtube.com\/shorts\/vZkmcefA1Xs?si=xoqlN38F0HUKTNlW"],"fave_floor_plans_enable":["disable"],"fave_additional_features_enable":["disable"],"fave_multiunit_plans_enable":["disable"],"fave_prop_slider_image":["https:\/\/s3-us-west-2.amazonaws.com\/pictures.domus.la\/inmobiliaria_737\/4101_1_1772550812.jpg"],"floor_plans":["a:0:{}"],"fave_multi_units":["a:0:{}"],"additional_features":["a:0:{}"],"fave_agents":["18510"],"fave_property_map_address":["Ciudad Jard\u00edn, Cali, Valle Del Cauca, Colombia"],"fave_property_location":["3.36556098115,-76.529071878888,14"],"houzez_geolocation_lat":["3.36556098115"],"houzez_geolocation_long":["-76.529071878888"],"fave_property_garage_size":[""],"_vc_post_settings":["a:0:{}"],"fave_property_price_postfix":["COP"],"fave_video_image":[""],"fave_property_zip":[""],"fave_property_agency":["-1"],"fave_property_map_street_view":["show"],"fave_payment_status":[""],"slide_template":["default"],"houzez_total_property_views":[""],"houzez_views_by_date":["a:0:{}"],"fave_loggedintoview":["0"],"houzez_recently_viewed":[""],"fave_virtual_tour":["<iframe width=\"853\" height=\"480\" src=\"\" frameborder=\"0\" allowfullscreen=\"allowfullscreen\"><\/iframe>"],"fave_single_top_area":["global"],"fave_single_content_area":["global"],"rs_page_bg_color":["#ffffff"],"_houzez_expiration_date_status":["saved"],"_dp_original":["150"],"fave_rating":["a:0:{}"],"fave_multi_units_ids":["448,422,395"],"houzez_total_rating":[""],"fave_attachments":[""],"fave_energy_class":[""],"fave_energy_global_index":[""],"fave_renewable_energy_global_index":[""],"fave_energy_performance":[""],"fave_epc_current_rating":[""],"fave_epc_potential_rating":[""],"fave_booking_shortcode":[""],"fave_property_images":["https:\/\/s3-us-west-2.amazonaws.com\/pictures.domus.la\/inmobiliaria_737\/4101_1_1772550812.jpg, https:\/\/s3-us-west-2.amazonaws.com\/pictures.domus.la\/inmobiliaria_737\/4101_2_1772221024.jpg, https:\/\/s3-us-west-2.amazonaws.com\/pictures.domus.la\/inmobiliaria_737\/4101_3_1772221024.jpg, https:\/\/s3-us-west-2.amazonaws.com\/pictures.domus.la\/inmobiliaria_737\/4101_4_1772221023.jpg, https:\/\/s3-us-west-2.amazonaws.com\/pictures.domus.la\/inmobiliaria_737\/4101_5_1772221024.jpg, https:\/\/s3-us-west-2.amazonaws.com\/pictures.domus.la\/inmobiliaria_737\/4101_6_1772221025.jpg, https:\/\/s3-us-west-2.amazonaws.com\/pictures.domus.la\/inmobiliaria_737\/4101_7_1772221026.jpg, https:\/\/s3-us-west-2.amazonaws.com\/pictures.domus.la\/inmobiliaria_737\/4101_8_1772578658.jpg, https:\/\/s3-us-west-2.amazonaws.com\/pictures.domus.la\/inmobiliaria_737\/4101_9_1772221026.jpg, https:\/\/s3-us-west-2.amazonaws.com\/pictures.domus.la\/inmobiliaria_737\/4101_10_1772221026.jpg, https:\/\/s3-us-west-2.amazonaws.com\/pictures.domus.la\/inmobiliaria_737\/4101_11_1772221027.jpg, https:\/\/s3-us-west-2.amazonaws.com\/pictures.domus.la\/inmobiliaria_737\/4101_12_1772221027.jpg, https:\/\/s3-us-west-2.amazonaws.com\/pictures.domus.la\/inmobiliaria_737\/4101_13_1772221027.jpg, https:\/\/s3-us-west-2.amazonaws.com\/pictures.domus.la\/inmobiliaria_737\/4101_14_1772221028.jpg, https:\/\/s3-us-west-2.amazonaws.com\/pictures.domus.la\/inmobiliaria_737\/4101_15_1772221028.jpg, https:\/\/s3-us-west-2.amazonaws.com\/pictures.domus.la\/inmobiliaria_737\/4101_16_1772221028.jpg, https:\/\/s3-us-west-2.amazonaws.com\/pictures.domus.la\/inmobiliaria_737\/4101_17_1772221029.jpg, https:\/\/s3-us-west-2.amazonaws.com\/pictures.domus.la\/inmobiliaria_737\/4101_18_1772221030.jpg, https:\/\/s3-us-west-2.amazonaws.com\/pictures.domus.la\/inmobiliaria_737\/4101_19_1772578655.jpg, https:\/\/s3-us-west-2.amazonaws.com\/pictures.domus.la\/inmobiliaria_737\/4101_20_1772221031.jpg, https:\/\/s3-us-west-2.amazonaws.com\/pictures.domus.la\/inmobiliaria_737\/4101_21_1772221031.jpg, https:\/\/s3-us-west-2.amazonaws.com\/pictures.domus.la\/inmobiliaria_737\/4101_22_1772221033.jpg, https:\/\/s3-us-west-2.amazonaws.com\/pictures.domus.la\/inmobiliaria_737\/4101_23_1772221039.jpg, https:\/\/s3-us-west-2.amazonaws.com\/pictures.domus.la\/inmobiliaria_737\/4101_24_1772221034.jpg, https:\/\/s3-us-west-2.amazonaws.com\/pictures.domus.la\/inmobiliaria_737\/4101_25_1772221034.jpg, https:\/\/s3-us-west-2.amazonaws.com\/pictures.domus.la\/inmobiliaria_737\/4101_26_1772221038.jpg, https:\/\/s3-us-west-2.amazonaws.com\/pictures.domus.la\/inmobiliaria_737\/4101_27_1772221036.jpg, https:\/\/s3-us-west-2.amazonaws.com\/pictures.domus.la\/inmobiliaria_737\/4101_28_1772221037.jpg, https:\/\/s3-us-west-2.amazonaws.com\/pictures.domus.la\/inmobiliaria_737\/4101_29_1772221038.jpg, https:\/\/s3-us-west-2.amazonaws.com\/pictures.domus.la\/inmobiliaria_737\/4101_30_1772221042.jpg,","86178","85814","85815","85816","85817","85818","85819","86179","85821","85822","85823","85824","85825","85826","85827","85828","85829","85830","86180","85832","85833","85834","85835","85836","85837","85838","85839","85840","85841","85842"],"_wp_page_template":["default"]},"_links":{"self":[{"href":"https:\/\/gespron.com.co\/index.php\/wp-json\/wp\/v2\/properties\/85812","targetHints":{"allow":["GET"]}}],"collection":[{"href":"https:\/\/gespron.com.co\/index.php\/wp-json\/wp\/v2\/properties"}],"about":[{"href":"https:\/\/gespron.com.co\/index.php\/wp-json\/wp\/v2\/types\/property"}],"version-history":[{"count":2,"href":"https:\/\/gespron.com.co\/index.php\/wp-json\/wp\/v2\/properties\/85812\/revisions"}],"predecessor-version":[{"id":86508,"href":"https:\/\/gespron.com.co\/index.php\/wp-json\/wp\/v2\/properties\/85812\/revisions\/86508"}],"wp:attachment":[{"href":"https:\/\/gespron.com.co\/index.php\/wp-json\/wp\/v2\/media?parent=85812"}],"wp:term":[{"taxonomy":"property_type","embeddable":true,"href":"https:\/\/gespron.com.co\/index.php\/wp-json\/wp\/v2\/property_type?post=85812"},{"taxonomy":"property_status","embeddable":true,"href":"https:\/\/gespron.com.co\/index.php\/wp-json\/wp\/v2\/property_status?post=85812"},{"taxonomy":"property_feature","embeddable":true,"href":"https:\/\/gespron.com.co\/index.php\/wp-json\/wp\/v2\/property_feature?post=85812"},{"taxonomy":"property_label","embeddable":true,"href":"https:\/\/gespron.com.co\/index.php\/wp-json\/wp\/v2\/property_label?post=85812"},{"taxonomy":"property_country","embeddable":true,"href":"https:\/\/gespron.com.co\/index.php\/wp-json\/wp\/v2\/property_country?post=85812"},{"taxonomy":"property_state","embeddable":true,"href":"https:\/\/gespron.com.co\/index.php\/wp-json\/wp\/v2\/property_state?post=85812"},{"taxonomy":"property_city","embeddable":true,"href":"https:\/\/gespron.com.co\/index.php\/wp-json\/wp\/v2\/property_city?post=85812"},{"taxonomy":"property_area","embeddable":true,"href":"https:\/\/gespron.com.co\/index.php\/wp-json\/wp\/v2\/property_area?post=85812"}],"curies":[{"name":"wp","href":"https:\/\/api.w.org\/{rel}","templated":true}]}}

Casa Arriendo, Ciudad Jardín, Cali &#8211; 4101

<p>Gespron alquila casa de lujo en el sur de la ciudad, lugar estratégico de la ciudad, parqueadero propio inteligente cubierto para carro y moto, cuenta con cinco baños, cinco habitaciones todas con clóset de Pared a pared en madera, cocina integral con mueble superior e inferior en madera fina, estudio, zona de ropas completa con lavadero en baldosa, sauna, sala comedor bastante amplio con mirador hacia el interior de la casa, iluminado y aireado. La casa está cerca a centros comerciales, supermercados, colegios y universidades, transporte público cercano.</p>

<p>Gespron alquila casa de lujo en el sur de la ciudad, lugar estratégico de la ciudad, parqueadero propio inteligente cubierto para carro y moto, cuenta con cinco baños, cinco habitaciones todas con clóset de Pared a pared en madera, cocina integral con mueble superior e inferior en madera fina, estudio, zona de ropas completa con [&hellip;]</p>

Ciudad Jardín, Cali, Valle Del Cauca, Colombia
