{"id":86096,"date":"2026-05-01T13:00:07","date_gmt":"2026-05-01T18:00:07","guid":{"rendered":"https:\/\/gespron.com.co\/index.php\/propiedad\/apartamento-arriendo-ciudad-pacifica-cali-1176\/"},"modified":"2026-05-01T13:00:07","modified_gmt":"2026-05-01T18:00:07","slug":"apartamento-arriendo-ciudad-pacifica-cali-1176","status":"publish","type":"property","link":"https:\/\/gespron.com.co\/index.php\/propiedad\/apartamento-arriendo-ciudad-pacifica-cali-1176\/","title":{"rendered":"Apartamento Arriendo, Ciudad Pac\u00edfica, Cali &#8211; 1176"},"content":{"rendered":"<p>se alquila hermoso apartamento ubicado en la zona sur de cali, conjunto residencial Gratta , sexto piso con ascensor ;consta de tres habitaciones , sala comerdor,cocina integral, zona de oficios y balc\u00f3n, garaje com\u00fan, piscina, sal\u00f3n social,zonas verdes, juegos de ni\u00f1os, porter\u00eda vigilada que esperas ll\u00e1manos ya !!<\/p>\n","protected":false},"excerpt":{"rendered":"<p>se alquila hermoso apartamento ubicado en la zona sur de cali, conjunto residencial Gratta , sexto piso con ascensor ;consta de tres habitaciones , sala comerdor,cocina integral, zona de oficios y balc\u00f3n, garaje com\u00fan, piscina, sal\u00f3n social,zonas verdes, juegos de ni\u00f1os, porter\u00eda vigilada que esperas ll\u00e1manos ya !!<\/p>\n","protected":false},"author":0,"featured_media":0,"parent":0,"menu_order":0,"template":"","property_type":[79],"property_status":[80],"property_feature":[91,157,82,171,92,83,114,106,107,253,93,94,119,120,181,86,122,191,150,127,97,87,159,518,112,88,184,139,186,100,134,128,135,101,123,142,124,163,130,103],"property_label":[303],"property_country":[108],"property_state":[109],"property_city":[131],"property_area":[306],"class_list":["post-86096","property","type-property","status-publish","hentry","property_type-apartamento","property_status-arriendo","property_feature-ascensor","property_feature-bahia-exterior-de-parqueo","property_feature-balcon","property_feature-bano-auxiliar","property_feature-citofono","property_feature-closet","property_feature-cocina-integral","property_feature-colegios-universidades","property_feature-comodas-vias-de-acceso","property_feature-en-administracion","property_feature-en-conjunto-cerrado","property_feature-escalera-de-emergencia","property_feature-estado-obra-blanca","property_feature-estudio","property_feature-fachada-pintura","property_feature-gas-natural","property_feature-instalacion-de-gas","property_feature-moderno","property_feature-para-estrenar","property_feature-parques-cercanos","property_feature-piscina","property_feature-piso-en-ceramica","property_feature-porteria-vigilancia","property_feature-proyecto","property_feature-remodelado","property_feature-sala-comedor","property_feature-salon-comunal","property_feature-sendero-peatonal","property_feature-servicios-independientes","property_feature-shut-de-basura","property_feature-sobre-carrera","property_feature-sobre-via-secundaria","property_feature-trans-publico-cercano","property_feature-vigilancia-privada-247","property_feature-vista-exterior","property_feature-vista-interior","property_feature-zona-de-ropas","property_feature-zona-infantil","property_feature-zona-residencial","property_feature-zonas-verdes","property_label-video","property_country-co","property_state-valle-del-cauca","property_city-cali","property_area-ciudad-pacifica"],"property_meta":{"fave_currency":["COP"],"fave_currency_info":[""],"fave_property_price":["1270000"],"fave_property_sec_price":[""],"fave_property_size":["65"],"fave_property_size_prefix":["M2"],"fave_property_land":["65"],"fave_property_land_postfix":["M2"],"fave_property_bedrooms":["3"],"fave_property_bathrooms":["2"],"fave_property_garage":["1"],"fave_property_map":["1"],"fave_property_id":["1176"],"fave_property_year":["2020"],"fave_property_address":[""],"fave_property_country":["CO"],"fave_featured":["1"],"fave_agent_display_option":["agent_info"],"fave_prop_homeslider":["yes"],"fave_video_url":["https:\/\/youtube.com\/shorts\/GzDPcM32llk?si=OKfuuFQqaZDbGlCP"],"fave_floor_plans_enable":["disable"],"fave_additional_features_enable":["disable"],"fave_multiunit_plans_enable":["disable"],"fave_prop_slider_image":["https:\/\/s3-us-west-2.amazonaws.com\/pictures.domus.la\/inmobiliaria_737\/1176_1_1772656919.jpg"],"floor_plans":["a:0:{}"],"fave_multi_units":["a:0:{}"],"additional_features":["a:0:{}"],"fave_agents":["18510"],"fave_property_map_address":["Ciudad Pac\u00edfica, Cali, Valle Del Cauca, Colombia"],"fave_property_location":["3.4474906706813,-76.504806895664,14"],"houzez_geolocation_lat":["3.4474906706813"],"houzez_geolocation_long":["-76.504806895664"],"fave_property_garage_size":[""],"_vc_post_settings":["a:0:{}"],"fave_property_price_postfix":["COP"],"fave_video_image":[""],"fave_property_zip":[""],"fave_property_agency":["-1"],"fave_property_map_street_view":["show"],"fave_payment_status":[""],"slide_template":["default"],"houzez_total_property_views":[""],"houzez_views_by_date":["a:0:{}"],"fave_loggedintoview":["0"],"houzez_recently_viewed":[""],"fave_virtual_tour":["<iframe width=\"853\" height=\"480\" src=\"\" frameborder=\"0\" allowfullscreen=\"allowfullscreen\"><\/iframe>"],"fave_single_top_area":["global"],"fave_single_content_area":["global"],"rs_page_bg_color":["#ffffff"],"_houzez_expiration_date_status":["saved"],"_dp_original":["150"],"fave_rating":["a:0:{}"],"fave_multi_units_ids":["448,422,395"],"houzez_total_rating":[""],"fave_attachments":[""],"fave_energy_class":[""],"fave_energy_global_index":[""],"fave_renewable_energy_global_index":[""],"fave_energy_performance":[""],"fave_epc_current_rating":[""],"fave_epc_potential_rating":[""],"fave_booking_shortcode":[""],"fave_property_images":["https:\/\/s3-us-west-2.amazonaws.com\/pictures.domus.la\/inmobiliaria_737\/1176_1_1772656919.jpg, https:\/\/s3-us-west-2.amazonaws.com\/pictures.domus.la\/inmobiliaria_737\/1176_2_1772656922.jpg, https:\/\/s3-us-west-2.amazonaws.com\/pictures.domus.la\/inmobiliaria_737\/1176_3_1772656920.jpg, https:\/\/s3-us-west-2.amazonaws.com\/pictures.domus.la\/inmobiliaria_737\/1176_4_1772656919.jpg, https:\/\/s3-us-west-2.amazonaws.com\/pictures.domus.la\/inmobiliaria_737\/1176_5_1772656920.jpg, https:\/\/s3-us-west-2.amazonaws.com\/pictures.domus.la\/inmobiliaria_737\/1176_6_1772656920.jpg, https:\/\/s3-us-west-2.amazonaws.com\/pictures.domus.la\/inmobiliaria_737\/1176_7_1772656923.jpg, https:\/\/s3-us-west-2.amazonaws.com\/pictures.domus.la\/inmobiliaria_737\/1176_8_1772656924.jpg, https:\/\/s3-us-west-2.amazonaws.com\/pictures.domus.la\/inmobiliaria_737\/1176_9_1772656926.jpg, https:\/\/s3-us-west-2.amazonaws.com\/pictures.domus.la\/inmobiliaria_737\/1176_10_1772656927.jpg, https:\/\/s3-us-west-2.amazonaws.com\/pictures.domus.la\/inmobiliaria_737\/1176_11_1772656928.jpg, https:\/\/s3-us-west-2.amazonaws.com\/pictures.domus.la\/inmobiliaria_737\/1176_12_1772656932.jpg, https:\/\/s3-us-west-2.amazonaws.com\/pictures.domus.la\/inmobiliaria_737\/1176_13_1772656932.jpg, https:\/\/s3-us-west-2.amazonaws.com\/pictures.domus.la\/inmobiliaria_737\/1176_14_1772656937.jpg, https:\/\/s3-us-west-2.amazonaws.com\/pictures.domus.la\/inmobiliaria_737\/1176_15_1772656935.jpg, https:\/\/s3-us-west-2.amazonaws.com\/pictures.domus.la\/inmobiliaria_737\/1176_16_1772656939.jpg, https:\/\/s3-us-west-2.amazonaws.com\/pictures.domus.la\/inmobiliaria_737\/1176_17_1772656938.jpg, https:\/\/s3-us-west-2.amazonaws.com\/pictures.domus.la\/inmobiliaria_737\/1176_18_1772656940.jpg, https:\/\/s3-us-west-2.amazonaws.com\/pictures.domus.la\/inmobiliaria_737\/1176_19_1772656941.jpg, https:\/\/s3-us-west-2.amazonaws.com\/pictures.domus.la\/inmobiliaria_737\/1176_20_1772656943.jpg, https:\/\/s3-us-west-2.amazonaws.com\/pictures.domus.la\/inmobiliaria_737\/1176_21_1772656945.jpg, https:\/\/s3-us-west-2.amazonaws.com\/pictures.domus.la\/inmobiliaria_737\/1176_22_1772656952.jpg, https:\/\/s3-us-west-2.amazonaws.com\/pictures.domus.la\/inmobiliaria_737\/1176_23_1772656953.jpg, https:\/\/s3-us-west-2.amazonaws.com\/pictures.domus.la\/inmobiliaria_737\/1176_24_1772656949.jpg, https:\/\/s3-us-west-2.amazonaws.com\/pictures.domus.la\/inmobiliaria_737\/1176_25_1772656955.jpg, https:\/\/s3-us-west-2.amazonaws.com\/pictures.domus.la\/inmobiliaria_737\/1176_26_1772656953.jpg, https:\/\/s3-us-west-2.amazonaws.com\/pictures.domus.la\/inmobiliaria_737\/1176_27_1772656955.jpg, https:\/\/s3-us-west-2.amazonaws.com\/pictures.domus.la\/inmobiliaria_737\/1176_28_1772656957.jpg, https:\/\/s3-us-west-2.amazonaws.com\/pictures.domus.la\/inmobiliaria_737\/1176_29_1772656962.jpg, https:\/\/s3-us-west-2.amazonaws.com\/pictures.domus.la\/inmobiliaria_737\/1176_30_1772656962.jpg,","86097","86098","86099","86100","86101","86102","86103","86104","86105","86106","86107","86108","86109","86110","86111","86112","86113","86114","86115","86116","86117","86118","86119","86120","86121","86122","86123","86124","86125","86126"],"_wp_page_template":["default"]},"_links":{"self":[{"href":"https:\/\/gespron.com.co\/index.php\/wp-json\/wp\/v2\/properties\/86096","targetHints":{"allow":["GET"]}}],"collection":[{"href":"https:\/\/gespron.com.co\/index.php\/wp-json\/wp\/v2\/properties"}],"about":[{"href":"https:\/\/gespron.com.co\/index.php\/wp-json\/wp\/v2\/types\/property"}],"version-history":[{"count":1,"href":"https:\/\/gespron.com.co\/index.php\/wp-json\/wp\/v2\/properties\/86096\/revisions"}],"predecessor-version":[{"id":86188,"href":"https:\/\/gespron.com.co\/index.php\/wp-json\/wp\/v2\/properties\/86096\/revisions\/86188"}],"wp:attachment":[{"href":"https:\/\/gespron.com.co\/index.php\/wp-json\/wp\/v2\/media?parent=86096"}],"wp:term":[{"taxonomy":"property_type","embeddable":true,"href":"https:\/\/gespron.com.co\/index.php\/wp-json\/wp\/v2\/property_type?post=86096"},{"taxonomy":"property_status","embeddable":true,"href":"https:\/\/gespron.com.co\/index.php\/wp-json\/wp\/v2\/property_status?post=86096"},{"taxonomy":"property_feature","embeddable":true,"href":"https:\/\/gespron.com.co\/index.php\/wp-json\/wp\/v2\/property_feature?post=86096"},{"taxonomy":"property_label","embeddable":true,"href":"https:\/\/gespron.com.co\/index.php\/wp-json\/wp\/v2\/property_label?post=86096"},{"taxonomy":"property_country","embeddable":true,"href":"https:\/\/gespron.com.co\/index.php\/wp-json\/wp\/v2\/property_country?post=86096"},{"taxonomy":"property_state","embeddable":true,"href":"https:\/\/gespron.com.co\/index.php\/wp-json\/wp\/v2\/property_state?post=86096"},{"taxonomy":"property_city","embeddable":true,"href":"https:\/\/gespron.com.co\/index.php\/wp-json\/wp\/v2\/property_city?post=86096"},{"taxonomy":"property_area","embeddable":true,"href":"https:\/\/gespron.com.co\/index.php\/wp-json\/wp\/v2\/property_area?post=86096"}],"curies":[{"name":"wp","href":"https:\/\/api.w.org\/{rel}","templated":true}]}}

Apartamento Arriendo, Ciudad Pacífica, Cali &#8211; 1176

<p>se alquila hermoso apartamento ubicado en la zona sur de cali, conjunto residencial Gratta , sexto piso con ascensor ;consta de tres habitaciones , sala comerdor,cocina integral, zona de oficios y balcón, garaje común, piscina, salón social,zonas verdes, juegos de niños, portería vigilada que esperas llámanos ya !!</p>

Ciudad Pacífica, Cali, Valle Del Cauca, Colombia
