{"id":86386,"date":"2026-04-30T13:05:29","date_gmt":"2026-04-30T18:05:29","guid":{"rendered":"https:\/\/gespron.com.co\/index.php\/propiedad\/apartamento-arriendo-ciudad-pacifica-cali-4114\/"},"modified":"2026-04-30T13:05:29","modified_gmt":"2026-04-30T18:05:29","slug":"apartamento-arriendo-ciudad-pacifica-cali-4114","status":"publish","type":"property","link":"https:\/\/gespron.com.co\/index.php\/propiedad\/apartamento-arriendo-ciudad-pacifica-cali-4114\/","title":{"rendered":"Apartamento Arriendo, Ciudad Pac\u00edfica, Cali &#8211; 4114"},"content":{"rendered":"<p>Gespron alquila hermoso apartamento para estrenar en el sur de Cali, barrio ciudad pac\u00edfica, conjunto tierra linda del LAGO, con ascensor en piso DECIMO, consta de sala comedor amplia e iluminada con balc\u00f3n con vista INTERNA, ba\u00f1o social con divisi\u00f3n en VIDRIO, cocina integral con muebles en madera en parte superior e inferior, consta de DOS habitaciones ambas con closet, la principal con ba\u00f1o con divisi\u00f3n en Vidrio y closet, zona de ropas con instalaci\u00f3n para lavadora, la unidad cuenta con zonas verdes, piscina para ni\u00f1os y para adultos, parqueadero COMUNITARIO, sal\u00f3n social, el conjunto queda cerca al Bochalema Plaza, A 10 min de Jard\u00edn plaza, cerca a la autopista panamericana v\u00eda Jamund\u00ed, Que esperas para hacer de este apartamento tu hermoso hogar!! LLAMANOS YA!!!!!!<\/p>\n","protected":false},"excerpt":{"rendered":"<p>Gespron alquila hermoso apartamento para estrenar en el sur de Cali, barrio ciudad pac\u00edfica, conjunto tierra linda del LAGO, con ascensor en piso DECIMO, consta de sala comedor amplia e iluminada con balc\u00f3n con vista INTERNA, ba\u00f1o social con divisi\u00f3n en VIDRIO, cocina integral con muebles en madera en parte superior e inferior, consta de [&hellip;]<\/p>\n","protected":false},"author":0,"featured_media":0,"parent":0,"menu_order":0,"template":"","property_type":[79],"property_status":[80],"property_feature":[104,82,171,153,105,146,126,83,114,144,106,115,107,194,117,354,253,120,204,164,86,141,122,243,191,127,87,176,88,128,129,135,156,123,142,136,124,130],"property_label":[303],"property_country":[108],"property_state":[109],"property_city":[131],"property_area":[306],"class_list":["post-86386","property","type-property","status-publish","hentry","property_type-apartamento","property_status-arriendo","property_feature-area-urbana","property_feature-balcon","property_feature-bano-auxiliar","property_feature-bano-de-servicio","property_feature-bombas-de-gasolina","property_feature-cancha-de-baloncesto","property_feature-cancha-de-futbol","property_feature-closet","property_feature-cocina-integral","property_feature-cocina-semi-integral","property_feature-colegios-universidades","property_feature-comedor-auxiliar","property_feature-comodas-vias-de-acceso","property_feature-cuarto-de-servicio","property_feature-divisiones","property_feature-duplex","property_feature-en-administracion","property_feature-estudio","property_feature-garaje-independiente","property_feature-garaje-parqueaderos","property_feature-gas-natural","property_feature-hall-de-alcobas","property_feature-instalacion-de-gas","property_feature-mensual","property_feature-moderno","property_feature-parques-cercanos","property_feature-piso-en-ceramica","property_feature-sala-auxiliar","property_feature-sala-comedor","property_feature-sobre-via-secundaria","property_feature-supermercados-c-ciales","property_feature-trans-publico-cercano","property_feature-vestier","property_feature-vista-exterior","property_feature-vista-interior","property_feature-zona-comercial","property_feature-zona-de-ropas","property_feature-zona-residencial","property_label-video","property_country-co","property_state-valle-del-cauca","property_city-cali","property_area-ciudad-pacifica"],"property_meta":{"fave_currency":["COP"],"fave_currency_info":[""],"fave_property_price":["1320000"],"fave_property_sec_price":[""],"fave_property_size":["70"],"fave_property_size_prefix":["M2"],"fave_property_land":["70"],"fave_property_land_postfix":["M2"],"fave_property_bedrooms":["2"],"fave_property_bathrooms":["2"],"fave_property_garage":["0"],"fave_property_map":["1"],"fave_property_id":["4114"],"fave_property_year":["2020"],"fave_property_address":[""],"fave_property_country":["CO"],"fave_featured":["1"],"fave_agent_display_option":["agent_info"],"fave_prop_homeslider":["yes"],"fave_video_url":["https:\/\/youtube.com\/shorts\/PRt_eIACEAM?si=pUne9qOQyNE_GA6f"],"fave_floor_plans_enable":["disable"],"fave_additional_features_enable":["disable"],"fave_multiunit_plans_enable":["disable"],"fave_prop_slider_image":["https:\/\/s3-us-west-2.amazonaws.com\/pictures.domus.la\/inmobiliaria_737\/4114_1_1772748890.jpg"],"floor_plans":["a:0:{}"],"fave_multi_units":["a:0:{}"],"additional_features":["a:0:{}"],"fave_agents":["18510"],"fave_property_map_address":["Ciudad Pac\u00edfica, Cali, Valle Del Cauca, Colombia"],"fave_property_location":["3.4712296396,-76.517741210468,14"],"houzez_geolocation_lat":["3.4712296396"],"houzez_geolocation_long":["-76.517741210468"],"fave_property_garage_size":[""],"_vc_post_settings":["a:0:{}"],"fave_property_price_postfix":["COP"],"fave_video_image":[""],"fave_property_zip":[""],"fave_property_agency":["-1"],"fave_property_map_street_view":["show"],"fave_payment_status":[""],"slide_template":["default"],"houzez_total_property_views":[""],"houzez_views_by_date":["a:0:{}"],"fave_loggedintoview":["0"],"houzez_recently_viewed":[""],"fave_virtual_tour":["<iframe width=\"853\" height=\"480\" src=\"\" frameborder=\"0\" allowfullscreen=\"allowfullscreen\"><\/iframe>"],"fave_single_top_area":["global"],"fave_single_content_area":["global"],"rs_page_bg_color":["#ffffff"],"_houzez_expiration_date_status":["saved"],"_dp_original":["150"],"fave_rating":["a:0:{}"],"fave_multi_units_ids":["448,422,395"],"houzez_total_rating":[""],"fave_attachments":[""],"fave_energy_class":[""],"fave_energy_global_index":[""],"fave_renewable_energy_global_index":[""],"fave_energy_performance":[""],"fave_epc_current_rating":[""],"fave_epc_potential_rating":[""],"fave_booking_shortcode":[""],"fave_property_images":["https:\/\/s3-us-west-2.amazonaws.com\/pictures.domus.la\/inmobiliaria_737\/4114_1_1772748890.jpg, https:\/\/s3-us-west-2.amazonaws.com\/pictures.domus.la\/inmobiliaria_737\/4114_2_1772748891.jpg, https:\/\/s3-us-west-2.amazonaws.com\/pictures.domus.la\/inmobiliaria_737\/4114_3_1772748891.jpg, https:\/\/s3-us-west-2.amazonaws.com\/pictures.domus.la\/inmobiliaria_737\/4114_4_1772748891.jpg, https:\/\/s3-us-west-2.amazonaws.com\/pictures.domus.la\/inmobiliaria_737\/4114_5_1772748892.jpg, https:\/\/s3-us-west-2.amazonaws.com\/pictures.domus.la\/inmobiliaria_737\/4114_6_1772748892.jpg, https:\/\/s3-us-west-2.amazonaws.com\/pictures.domus.la\/inmobiliaria_737\/4114_7_1772748892.jpg, https:\/\/s3-us-west-2.amazonaws.com\/pictures.domus.la\/inmobiliaria_737\/4114_8_1772748892.jpg, https:\/\/s3-us-west-2.amazonaws.com\/pictures.domus.la\/inmobiliaria_737\/4114_9_1772748893.jpg, https:\/\/s3-us-west-2.amazonaws.com\/pictures.domus.la\/inmobiliaria_737\/4114_10_1772748893.jpg, https:\/\/s3-us-west-2.amazonaws.com\/pictures.domus.la\/inmobiliaria_737\/4114_11_1772748894.jpg, https:\/\/s3-us-west-2.amazonaws.com\/pictures.domus.la\/inmobiliaria_737\/4114_12_1772748894.jpg, https:\/\/s3-us-west-2.amazonaws.com\/pictures.domus.la\/inmobiliaria_737\/4114_13_1772748894.jpg, https:\/\/s3-us-west-2.amazonaws.com\/pictures.domus.la\/inmobiliaria_737\/4114_14_1772748895.jpg, https:\/\/s3-us-west-2.amazonaws.com\/pictures.domus.la\/inmobiliaria_737\/4114_15_1772748896.jpg, https:\/\/s3-us-west-2.amazonaws.com\/pictures.domus.la\/inmobiliaria_737\/4114_16_1772748897.jpg, https:\/\/s3-us-west-2.amazonaws.com\/pictures.domus.la\/inmobiliaria_737\/4114_17_1772748898.jpg, https:\/\/s3-us-west-2.amazonaws.com\/pictures.domus.la\/inmobiliaria_737\/4114_18_1772748898.jpg, https:\/\/s3-us-west-2.amazonaws.com\/pictures.domus.la\/inmobiliaria_737\/4114_19_1772748899.jpg, https:\/\/s3-us-west-2.amazonaws.com\/pictures.domus.la\/inmobiliaria_737\/4114_20_1772748900.jpg, https:\/\/s3-us-west-2.amazonaws.com\/pictures.domus.la\/inmobiliaria_737\/4114_21_1772748901.jpg, https:\/\/s3-us-west-2.amazonaws.com\/pictures.domus.la\/inmobiliaria_737\/4114_22_1772748901.jpg, https:\/\/s3-us-west-2.amazonaws.com\/pictures.domus.la\/inmobiliaria_737\/4114_23_1772748904.jpg, https:\/\/s3-us-west-2.amazonaws.com\/pictures.domus.la\/inmobiliaria_737\/4114_24_1772748904.jpg, https:\/\/s3-us-west-2.amazonaws.com\/pictures.domus.la\/inmobiliaria_737\/4114_25_1772748904.jpg, https:\/\/s3-us-west-2.amazonaws.com\/pictures.domus.la\/inmobiliaria_737\/4114_26_1772748906.jpg, https:\/\/s3-us-west-2.amazonaws.com\/pictures.domus.la\/inmobiliaria_737\/4114_27_1772748907.jpg, https:\/\/s3-us-west-2.amazonaws.com\/pictures.domus.la\/inmobiliaria_737\/4114_28_1772748907.jpg,","86387","86388","86389","86390","86391","86392","86393","86394","86395","86396","86397","86398","86399","86400","86401","86402","86403","86404","86405","86406","86407","86408","86409","86410","86411","86412","86413","86414"],"_wp_page_template":["default"]},"_links":{"self":[{"href":"https:\/\/gespron.com.co\/index.php\/wp-json\/wp\/v2\/properties\/86386","targetHints":{"allow":["GET"]}}],"collection":[{"href":"https:\/\/gespron.com.co\/index.php\/wp-json\/wp\/v2\/properties"}],"about":[{"href":"https:\/\/gespron.com.co\/index.php\/wp-json\/wp\/v2\/types\/property"}],"version-history":[{"count":1,"href":"https:\/\/gespron.com.co\/index.php\/wp-json\/wp\/v2\/properties\/86386\/revisions"}],"predecessor-version":[{"id":86416,"href":"https:\/\/gespron.com.co\/index.php\/wp-json\/wp\/v2\/properties\/86386\/revisions\/86416"}],"wp:attachment":[{"href":"https:\/\/gespron.com.co\/index.php\/wp-json\/wp\/v2\/media?parent=86386"}],"wp:term":[{"taxonomy":"property_type","embeddable":true,"href":"https:\/\/gespron.com.co\/index.php\/wp-json\/wp\/v2\/property_type?post=86386"},{"taxonomy":"property_status","embeddable":true,"href":"https:\/\/gespron.com.co\/index.php\/wp-json\/wp\/v2\/property_status?post=86386"},{"taxonomy":"property_feature","embeddable":true,"href":"https:\/\/gespron.com.co\/index.php\/wp-json\/wp\/v2\/property_feature?post=86386"},{"taxonomy":"property_label","embeddable":true,"href":"https:\/\/gespron.com.co\/index.php\/wp-json\/wp\/v2\/property_label?post=86386"},{"taxonomy":"property_country","embeddable":true,"href":"https:\/\/gespron.com.co\/index.php\/wp-json\/wp\/v2\/property_country?post=86386"},{"taxonomy":"property_state","embeddable":true,"href":"https:\/\/gespron.com.co\/index.php\/wp-json\/wp\/v2\/property_state?post=86386"},{"taxonomy":"property_city","embeddable":true,"href":"https:\/\/gespron.com.co\/index.php\/wp-json\/wp\/v2\/property_city?post=86386"},{"taxonomy":"property_area","embeddable":true,"href":"https:\/\/gespron.com.co\/index.php\/wp-json\/wp\/v2\/property_area?post=86386"}],"curies":[{"name":"wp","href":"https:\/\/api.w.org\/{rel}","templated":true}]}}

Apartamento Arriendo, Ciudad Pacífica, Cali &#8211; 4114

<p>Gespron alquila hermoso apartamento para estrenar en el sur de Cali, barrio ciudad pacífica, conjunto tierra linda del LAGO, con ascensor en piso DECIMO, consta de sala comedor amplia e iluminada con balcón con vista INTERNA, baño social con división en VIDRIO, cocina integral con muebles en madera en parte superior e inferior, consta de DOS habitaciones ambas con closet, la principal con baño con división en Vidrio y closet, zona de ropas con instalación para lavadora, la unidad cuenta con zonas verdes, piscina para niños y para adultos, parqueadero COMUNITARIO, salón social, el conjunto queda cerca al Bochalema Plaza, A 10 min de Jardín plaza, cerca a la autopista panamericana vía Jamundí, Que esperas para hacer de este apartamento tu hermoso hogar!! LLAMANOS YA!!!!!!</p>

<p>Gespron alquila hermoso apartamento para estrenar en el sur de Cali, barrio ciudad pacífica, conjunto tierra linda del LAGO, con ascensor en piso DECIMO, consta de sala comedor amplia e iluminada con balcón con vista INTERNA, baño social con división en VIDRIO, cocina integral con muebles en madera en parte superior e inferior, consta de [&hellip;]</p>

Ciudad Pacífica, Cali, Valle Del Cauca, Colombia
