{"id":87721,"date":"2026-05-01T02:10:21","date_gmt":"2026-05-01T07:10:21","guid":{"rendered":"https:\/\/gespron.com.co\/index.php\/propiedad\/apartaestudio-arriendo-el-lido-cali-4147\/"},"modified":"2026-05-01T02:10:21","modified_gmt":"2026-05-01T07:10:21","slug":"apartaestudio-arriendo-el-lido-cali-4147","status":"publish","type":"property","link":"https:\/\/gespron.com.co\/index.php\/propiedad\/apartaestudio-arriendo-el-lido-cali-4147\/","title":{"rendered":"Apartaestudio Arriendo, El Lido, Cali &#8211; 4147"},"content":{"rendered":"<p>Gespron Alquila hermoso apartaestudio TERCER piso sin ascensor en el barrio el lido, dos ambientes, servicios incluidos acueducto energ\u00eda y gas, parqueadero cubierto para CARRO, el apartaestudio cuenta con sala-comedor, cocina semi integral con estufa empotrada de 4 boquillas, muebles en madera en la parte inferior, zona de ropas con lavadero en terraza 4 piso, instalaci\u00f3n y espacio para lavadora, tendedero de ropa plegable, habitaci\u00f3n amplia, closet en madera de techo a piso, zona de escritorio, ba\u00f1o muy amplio con mueble en madera, espejo, divisi\u00f3n en acr\u00edlico, el inmueble es fresco e iluminado, el inmueble esta ubicado cerca a colegios, centros comerciales, estaciones principales del m\u00edo, supermercados parqueaderos, parques, f\u00e1cil v\u00edas de acceso, que esperas ll\u00e1manos ya 8852929.<\/p>\n","protected":false},"excerpt":{"rendered":"<p>Gespron Alquila hermoso apartaestudio TERCER piso sin ascensor en el barrio el lido, dos ambientes, servicios incluidos acueducto energ\u00eda y gas, parqueadero cubierto para CARRO, el apartaestudio cuenta con sala-comedor, cocina semi integral con estufa empotrada de 4 boquillas, muebles en madera en la parte inferior, zona de ropas con lavadero en terraza 4 piso, [&hellip;]<\/p>\n","protected":false},"author":0,"featured_media":0,"parent":0,"menu_order":0,"template":"","property_type":[147],"property_status":[80],"property_feature":[91,82,171,105,83,113,197,84,106,107,117,253,164,243,191,482,96,127,97,175,129,156,136,124],"property_label":[303],"property_country":[108],"property_state":[109],"property_city":[131],"property_area":[195],"class_list":["post-87721","property","type-property","status-publish","hentry","property_type-apartaestudio","property_status-arriendo","property_feature-ascensor","property_feature-balcon","property_feature-bano-auxiliar","property_feature-bombas-de-gasolina","property_feature-closet","property_feature-cocina-a-gas","property_feature-cocina-electrica","property_feature-cocina-en-l","property_feature-colegios-universidades","property_feature-comodas-vias-de-acceso","property_feature-divisiones","property_feature-en-administracion","property_feature-garaje-parqueaderos","property_feature-mensual","property_feature-moderno","property_feature-parqueadero-comunitario","property_feature-parqueadero-motos","property_feature-parques-cercanos","property_feature-piscina","property_feature-piso-en-porcelanato","property_feature-supermercados-c-ciales","property_feature-vestier","property_feature-zona-comercial","property_feature-zona-de-ropas","property_label-video","property_country-co","property_state-valle-del-cauca","property_city-cali","property_area-el-lido"],"property_meta":{"fave_currency":["COP"],"fave_currency_info":[""],"fave_property_price":["1090000"],"fave_property_sec_price":[""],"fave_property_size":["50"],"fave_property_size_prefix":["M2"],"fave_property_land":["50"],"fave_property_land_postfix":["M2"],"fave_property_bedrooms":["1"],"fave_property_bathrooms":["1"],"fave_property_garage":["1"],"fave_property_map":["1"],"fave_property_id":["4147"],"fave_property_year":["2020"],"fave_property_address":[""],"fave_property_country":["CO"],"fave_featured":["1"],"fave_agent_display_option":["agent_info"],"fave_prop_homeslider":["yes"],"fave_video_url":["https:\/\/youtube.com\/shorts\/DBjA7VQ7N4A?si=sRwFYMN4CfapRVUp"],"fave_floor_plans_enable":["disable"],"fave_additional_features_enable":["disable"],"fave_multiunit_plans_enable":["disable"],"fave_prop_slider_image":["https:\/\/s3-us-west-2.amazonaws.com\/pictures.domus.la\/inmobiliaria_737\/4147_1_1774541911_1.jpg"],"floor_plans":["a:0:{}"],"fave_multi_units":["a:0:{}"],"additional_features":["a:0:{}"],"fave_agents":["18510"],"fave_property_map_address":["El Lido, Cali, Valle Del Cauca, Colombia"],"fave_property_location":["3.425170017139,-76.549643919128,14"],"houzez_geolocation_lat":["3.425170017139"],"houzez_geolocation_long":["-76.549643919128"],"fave_property_garage_size":[""],"_vc_post_settings":["a:0:{}"],"fave_property_price_postfix":["COP"],"fave_video_image":[""],"fave_property_zip":[""],"fave_property_agency":["-1"],"fave_property_map_street_view":["show"],"fave_payment_status":[""],"slide_template":["default"],"houzez_total_property_views":[""],"houzez_views_by_date":["a:0:{}"],"fave_loggedintoview":["0"],"houzez_recently_viewed":[""],"fave_virtual_tour":["<iframe width=\"853\" height=\"480\" src=\"\" frameborder=\"0\" allowfullscreen=\"allowfullscreen\"><\/iframe>"],"fave_single_top_area":["global"],"fave_single_content_area":["global"],"rs_page_bg_color":["#ffffff"],"_houzez_expiration_date_status":["saved"],"_dp_original":["150"],"fave_rating":["a:0:{}"],"fave_multi_units_ids":["448,422,395"],"houzez_total_rating":[""],"fave_attachments":[""],"fave_energy_class":[""],"fave_energy_global_index":[""],"fave_renewable_energy_global_index":[""],"fave_energy_performance":[""],"fave_epc_current_rating":[""],"fave_epc_potential_rating":[""],"fave_booking_shortcode":[""],"fave_property_images":["https:\/\/s3-us-west-2.amazonaws.com\/pictures.domus.la\/inmobiliaria_737\/4147_1_1774541911_1.jpg, https:\/\/s3-us-west-2.amazonaws.com\/pictures.domus.la\/inmobiliaria_737\/4147_1_1774541912_2.jpg, https:\/\/s3-us-west-2.amazonaws.com\/pictures.domus.la\/inmobiliaria_737\/4147_1_1774541912_3.jpg, https:\/\/s3-us-west-2.amazonaws.com\/pictures.domus.la\/inmobiliaria_737\/4147_1_1774541913_4.jpg, https:\/\/s3-us-west-2.amazonaws.com\/pictures.domus.la\/inmobiliaria_737\/4147_5_1774542772.jpg, https:\/\/s3-us-west-2.amazonaws.com\/pictures.domus.la\/inmobiliaria_737\/4147_6_1774542772.jpg, https:\/\/s3-us-west-2.amazonaws.com\/pictures.domus.la\/inmobiliaria_737\/4147_7_1774542772.jpg, https:\/\/s3-us-west-2.amazonaws.com\/pictures.domus.la\/inmobiliaria_737\/4147_8_1774542773.jpg, https:\/\/s3-us-west-2.amazonaws.com\/pictures.domus.la\/inmobiliaria_737\/4147_9_1774542774.jpg, https:\/\/s3-us-west-2.amazonaws.com\/pictures.domus.la\/inmobiliaria_737\/4147_1_1774541922_18.jpg, https:\/\/s3-us-west-2.amazonaws.com\/pictures.domus.la\/inmobiliaria_737\/4147_11_1774542775.jpg, https:\/\/s3-us-west-2.amazonaws.com\/pictures.domus.la\/inmobiliaria_737\/4147_12_1774542776.jpg, https:\/\/s3-us-west-2.amazonaws.com\/pictures.domus.la\/inmobiliaria_737\/4147_13_1774542776.jpg, https:\/\/s3-us-west-2.amazonaws.com\/pictures.domus.la\/inmobiliaria_737\/4147_14_1774542776.jpg, https:\/\/s3-us-west-2.amazonaws.com\/pictures.domus.la\/inmobiliaria_737\/4147_15_1774542777.jpg, https:\/\/s3-us-west-2.amazonaws.com\/pictures.domus.la\/inmobiliaria_737\/4147_16_1774542778.jpg, https:\/\/s3-us-west-2.amazonaws.com\/pictures.domus.la\/inmobiliaria_737\/4147_17_1774542779.jpg, https:\/\/s3-us-west-2.amazonaws.com\/pictures.domus.la\/inmobiliaria_737\/4147_18_1774542780.jpg,","87722","87723","87724","87725","87726","87727","87728","87729","87730","87731","87732","87733","87734","87735","87736","87737","87738","87739"],"_wp_page_template":["default"]},"_links":{"self":[{"href":"https:\/\/gespron.com.co\/index.php\/wp-json\/wp\/v2\/properties\/87721","targetHints":{"allow":["GET"]}}],"collection":[{"href":"https:\/\/gespron.com.co\/index.php\/wp-json\/wp\/v2\/properties"}],"about":[{"href":"https:\/\/gespron.com.co\/index.php\/wp-json\/wp\/v2\/types\/property"}],"version-history":[{"count":1,"href":"https:\/\/gespron.com.co\/index.php\/wp-json\/wp\/v2\/properties\/87721\/revisions"}],"predecessor-version":[{"id":87763,"href":"https:\/\/gespron.com.co\/index.php\/wp-json\/wp\/v2\/properties\/87721\/revisions\/87763"}],"wp:attachment":[{"href":"https:\/\/gespron.com.co\/index.php\/wp-json\/wp\/v2\/media?parent=87721"}],"wp:term":[{"taxonomy":"property_type","embeddable":true,"href":"https:\/\/gespron.com.co\/index.php\/wp-json\/wp\/v2\/property_type?post=87721"},{"taxonomy":"property_status","embeddable":true,"href":"https:\/\/gespron.com.co\/index.php\/wp-json\/wp\/v2\/property_status?post=87721"},{"taxonomy":"property_feature","embeddable":true,"href":"https:\/\/gespron.com.co\/index.php\/wp-json\/wp\/v2\/property_feature?post=87721"},{"taxonomy":"property_label","embeddable":true,"href":"https:\/\/gespron.com.co\/index.php\/wp-json\/wp\/v2\/property_label?post=87721"},{"taxonomy":"property_country","embeddable":true,"href":"https:\/\/gespron.com.co\/index.php\/wp-json\/wp\/v2\/property_country?post=87721"},{"taxonomy":"property_state","embeddable":true,"href":"https:\/\/gespron.com.co\/index.php\/wp-json\/wp\/v2\/property_state?post=87721"},{"taxonomy":"property_city","embeddable":true,"href":"https:\/\/gespron.com.co\/index.php\/wp-json\/wp\/v2\/property_city?post=87721"},{"taxonomy":"property_area","embeddable":true,"href":"https:\/\/gespron.com.co\/index.php\/wp-json\/wp\/v2\/property_area?post=87721"}],"curies":[{"name":"wp","href":"https:\/\/api.w.org\/{rel}","templated":true}]}}

<p>Gespron Alquila hermoso apartaestudio TERCER piso sin ascensor en el barrio el lido, dos ambientes, servicios incluidos acueducto energía y gas, parqueadero cubierto para CARRO, el apartaestudio cuenta con sala-comedor, cocina semi integral con estufa empotrada de 4 boquillas, muebles en madera en la parte inferior, zona de ropas con lavadero en terraza 4 piso, instalación y espacio para lavadora, tendedero de ropa plegable, habitación amplia, closet en madera de techo a piso, zona de escritorio, baño muy amplio con mueble en madera, espejo, división en acrílico, el inmueble es fresco e iluminado, el inmueble esta ubicado cerca a colegios, centros comerciales, estaciones principales del mío, supermercados parqueaderos, parques, fácil vías de acceso, que esperas llámanos ya 8852929.</p>

<p>Gespron Alquila hermoso apartaestudio TERCER piso sin ascensor en el barrio el lido, dos ambientes, servicios incluidos acueducto energía y gas, parqueadero cubierto para CARRO, el apartaestudio cuenta con sala-comedor, cocina semi integral con estufa empotrada de 4 boquillas, muebles en madera en la parte inferior, zona de ropas con lavadero en terraza 4 piso, [&hellip;]</p>
