{"id":87946,"date":"2026-05-01T17:10:13","date_gmt":"2026-05-01T22:10:13","guid":{"rendered":"https:\/\/gespron.com.co\/index.php\/propiedad\/apartaestudio-arriendo-el-lido-cali-4140\/"},"modified":"2026-05-01T17:10:13","modified_gmt":"2026-05-01T22:10:13","slug":"apartaestudio-arriendo-el-lido-cali-4140","status":"publish","type":"property","link":"https:\/\/gespron.com.co\/index.php\/propiedad\/apartaestudio-arriendo-el-lido-cali-4140\/","title":{"rendered":"Apartaestudio Arriendo, El Lido, Cali &#8211; 4140"},"content":{"rendered":"<p>Gespron alquila aparta estudio en el sur de cali, Barrio el Lido, El aparta estudio se encuentra ubicado en un tercer piso, Zona c\u00e9ntrica de la ciudad, El aparta estudio cuenta con Sala comedor amplia, Cocina integral equipada, Cuenta con parqueadero para una moto, Una habitacion con Cl\u00f3set, Cuenta con ba\u00f1o privado completo con divisi\u00f3n en vidrio, El aparta estudio cuenta con una terraza s\u00faper amplia y aireada, Servicios incluidos. Zona de ropas, Cerca a estaciones de transporte, Centro comercial Cosmocentro y Mall plaza, Cl\u00ednicas, IPS, Gimnasio Smat Fit, Parques, qu\u00e9 esperas, LL\u00c1MANOS YA!! 8852929<\/p>\n","protected":false},"excerpt":{"rendered":"<p>Gespron alquila aparta estudio en el sur de cali, Barrio el Lido, El aparta estudio se encuentra ubicado en un tercer piso, Zona c\u00e9ntrica de la ciudad, El aparta estudio cuenta con Sala comedor amplia, Cocina integral equipada, Cuenta con parqueadero para una moto, Una habitacion con Cl\u00f3set, Cuenta con ba\u00f1o privado completo con divisi\u00f3n [&hellip;]<\/p>\n","protected":false},"author":0,"featured_media":0,"parent":0,"menu_order":0,"template":"","property_type":[147],"property_status":[80],"property_feature":[],"property_label":[303],"property_country":[108],"property_state":[109],"property_city":[131],"property_area":[195],"class_list":["post-87946","property","type-property","status-publish","hentry","property_type-apartaestudio","property_status-arriendo","property_label-video","property_country-co","property_state-valle-del-cauca","property_city-cali","property_area-el-lido"],"property_meta":{"fave_currency":["COP"],"fave_currency_info":[""],"fave_property_price":["1420000"],"fave_property_sec_price":[""],"fave_property_size":["50"],"fave_property_size_prefix":["M2"],"fave_property_land":["50"],"fave_property_land_postfix":["M2"],"fave_property_bedrooms":["1"],"fave_property_bathrooms":["1"],"fave_property_garage":["0"],"fave_property_map":["1"],"fave_property_id":["4140"],"fave_property_year":["2000"],"fave_property_address":[""],"fave_property_country":["CO"],"fave_featured":["1"],"fave_agent_display_option":["agent_info"],"fave_prop_homeslider":["yes"],"fave_video_url":["https:\/\/youtube.com\/shorts\/onBFFoa_Tcc?si=bPYxTQsZwFFpaNzq"],"fave_floor_plans_enable":["disable"],"fave_additional_features_enable":["disable"],"fave_multiunit_plans_enable":["disable"],"fave_prop_slider_image":["https:\/\/s3-us-west-2.amazonaws.com\/pictures.domus.la\/inmobiliaria_737\/4140_2_1773878215.jpg"],"floor_plans":["a:0:{}"],"fave_multi_units":["a:0:{}"],"additional_features":["a:0:{}"],"fave_agents":["18510"],"fave_property_map_address":["El Lido, Cali, Valle Del Cauca, Colombia"],"fave_property_location":["3.418674000268,-76.550303910184,14"],"houzez_geolocation_lat":["3.418674000268"],"houzez_geolocation_long":["-76.550303910184"],"fave_property_garage_size":[""],"_vc_post_settings":["a:0:{}"],"fave_property_price_postfix":["COP"],"fave_video_image":[""],"fave_property_zip":[""],"fave_property_agency":["-1"],"fave_property_map_street_view":["show"],"fave_payment_status":[""],"slide_template":["default"],"houzez_total_property_views":["1"],"houzez_views_by_date":["a:1:{s:10:\"05-01-2026\";i:1;}"],"fave_loggedintoview":["0"],"houzez_recently_viewed":["2026-05-01 17:36:08"],"fave_virtual_tour":["<iframe width=\"853\" height=\"480\" src=\"\" frameborder=\"0\" allowfullscreen=\"allowfullscreen\"><\/iframe>"],"fave_single_top_area":["global"],"fave_single_content_area":["global"],"rs_page_bg_color":["#ffffff"],"_houzez_expiration_date_status":["saved"],"_dp_original":["150"],"fave_rating":["a:0:{}"],"fave_multi_units_ids":["448,422,395"],"houzez_total_rating":[""],"fave_attachments":[""],"fave_energy_class":[""],"fave_energy_global_index":[""],"fave_renewable_energy_global_index":[""],"fave_energy_performance":[""],"fave_epc_current_rating":[""],"fave_epc_potential_rating":[""],"fave_booking_shortcode":[""],"fave_property_images":["https:\/\/s3-us-west-2.amazonaws.com\/pictures.domus.la\/inmobiliaria_737\/4140_2_1773878215.jpg, https:\/\/s3-us-west-2.amazonaws.com\/pictures.domus.la\/inmobiliaria_737\/4140_3_1773878217.jpg, https:\/\/s3-us-west-2.amazonaws.com\/pictures.domus.la\/inmobiliaria_737\/4140_4_1773878214.jpg, https:\/\/s3-us-west-2.amazonaws.com\/pictures.domus.la\/inmobiliaria_737\/4140_5_1773878214.jpg, https:\/\/s3-us-west-2.amazonaws.com\/pictures.domus.la\/inmobiliaria_737\/4140_6_1773878214.jpg, https:\/\/s3-us-west-2.amazonaws.com\/pictures.domus.la\/inmobiliaria_737\/4140_7_1773878219.jpg, https:\/\/s3-us-west-2.amazonaws.com\/pictures.domus.la\/inmobiliaria_737\/4140_8_1773878219.jpg, https:\/\/s3-us-west-2.amazonaws.com\/pictures.domus.la\/inmobiliaria_737\/4140_9_1773878220.jpg, https:\/\/s3-us-west-2.amazonaws.com\/pictures.domus.la\/inmobiliaria_737\/4140_10_1773878221.jpg, https:\/\/s3-us-west-2.amazonaws.com\/pictures.domus.la\/inmobiliaria_737\/4140_11_1773878223.jpg, https:\/\/s3-us-west-2.amazonaws.com\/pictures.domus.la\/inmobiliaria_737\/4140_12_1773878228.jpg, https:\/\/s3-us-west-2.amazonaws.com\/pictures.domus.la\/inmobiliaria_737\/4140_13_1773878224.jpg, https:\/\/s3-us-west-2.amazonaws.com\/pictures.domus.la\/inmobiliaria_737\/4140_14_1773878225.jpg, https:\/\/s3-us-west-2.amazonaws.com\/pictures.domus.la\/inmobiliaria_737\/4140_15_1773878226.jpg, https:\/\/s3-us-west-2.amazonaws.com\/pictures.domus.la\/inmobiliaria_737\/4140_16_1773878227.jpg,","87947","87948","87949","87950","87951","87952","87953","87954","87955","87956","87957","87958","87959","87960","87961"],"_wp_page_template":["default"],"tpg-post-view-count":["1"]},"_links":{"self":[{"href":"https:\/\/gespron.com.co\/index.php\/wp-json\/wp\/v2\/properties\/87946","targetHints":{"allow":["GET"]}}],"collection":[{"href":"https:\/\/gespron.com.co\/index.php\/wp-json\/wp\/v2\/properties"}],"about":[{"href":"https:\/\/gespron.com.co\/index.php\/wp-json\/wp\/v2\/types\/property"}],"version-history":[{"count":1,"href":"https:\/\/gespron.com.co\/index.php\/wp-json\/wp\/v2\/properties\/87946\/revisions"}],"predecessor-version":[{"id":88166,"href":"https:\/\/gespron.com.co\/index.php\/wp-json\/wp\/v2\/properties\/87946\/revisions\/88166"}],"wp:attachment":[{"href":"https:\/\/gespron.com.co\/index.php\/wp-json\/wp\/v2\/media?parent=87946"}],"wp:term":[{"taxonomy":"property_type","embeddable":true,"href":"https:\/\/gespron.com.co\/index.php\/wp-json\/wp\/v2\/property_type?post=87946"},{"taxonomy":"property_status","embeddable":true,"href":"https:\/\/gespron.com.co\/index.php\/wp-json\/wp\/v2\/property_status?post=87946"},{"taxonomy":"property_feature","embeddable":true,"href":"https:\/\/gespron.com.co\/index.php\/wp-json\/wp\/v2\/property_feature?post=87946"},{"taxonomy":"property_label","embeddable":true,"href":"https:\/\/gespron.com.co\/index.php\/wp-json\/wp\/v2\/property_label?post=87946"},{"taxonomy":"property_country","embeddable":true,"href":"https:\/\/gespron.com.co\/index.php\/wp-json\/wp\/v2\/property_country?post=87946"},{"taxonomy":"property_state","embeddable":true,"href":"https:\/\/gespron.com.co\/index.php\/wp-json\/wp\/v2\/property_state?post=87946"},{"taxonomy":"property_city","embeddable":true,"href":"https:\/\/gespron.com.co\/index.php\/wp-json\/wp\/v2\/property_city?post=87946"},{"taxonomy":"property_area","embeddable":true,"href":"https:\/\/gespron.com.co\/index.php\/wp-json\/wp\/v2\/property_area?post=87946"}],"curies":[{"name":"wp","href":"https:\/\/api.w.org\/{rel}","templated":true}]}}

<p>Gespron alquila aparta estudio en el sur de cali, Barrio el Lido, El aparta estudio se encuentra ubicado en un tercer piso, Zona céntrica de la ciudad, El aparta estudio cuenta con Sala comedor amplia, Cocina integral equipada, Cuenta con parqueadero para una moto, Una habitacion con Clóset, Cuenta con baño privado completo con división en vidrio, El aparta estudio cuenta con una terraza súper amplia y aireada, Servicios incluidos. Zona de ropas, Cerca a estaciones de transporte, Centro comercial Cosmocentro y Mall plaza, Clínicas, IPS, Gimnasio Smat Fit, Parques, qué esperas, LLÁMANOS YA!! 8852929</p>

<p>Gespron alquila aparta estudio en el sur de cali, Barrio el Lido, El aparta estudio se encuentra ubicado en un tercer piso, Zona céntrica de la ciudad, El aparta estudio cuenta con Sala comedor amplia, Cocina integral equipada, Cuenta con parqueadero para una moto, Una habitacion con Clóset, Cuenta con baño privado completo con división [&hellip;]</p>
